{"version":"1.0","provider_name":"Sagrinex \u2013 Anhaenger, Container &amp; Landtechnik \ud83c\udf3e\ud83d\ude9c","provider_url":"https:\/\/sagrinex.com\/de\/","author_name":"westcp72","author_url":"https:\/\/sagrinex.com\/de\/author\/westcp72\/","title":"20 Fu\u00df K\u00fchlcontainer f\u00fcr K\u00fchllagerung - Sagrinex \u2013 Anhaenger, Container &amp; Landtechnik \ud83c\udf3e\ud83d\ude9c","type":"rich","width":600,"height":338,"html":"<blockquote class=\"wp-embedded-content\" data-secret=\"IHe6FFYkQq\"><a href=\"https:\/\/sagrinex.com\/de\/produit\/20-fuss-kuehlcontainer-fuer-kuehllagerung-2\/\">20 Fu\u00df K\u00fchlcontainer f\u00fcr K\u00fchllagerung<\/a><\/blockquote><iframe sandbox=\"allow-scripts\" security=\"restricted\" src=\"https:\/\/sagrinex.com\/de\/produit\/20-fuss-kuehlcontainer-fuer-kuehllagerung-2\/embed\/#?secret=IHe6FFYkQq\" width=\"600\" height=\"338\" title=\"&#8222;20 Fu\u00df K\u00fchlcontainer f\u00fcr K\u00fchllagerung&#8220; &#8211; Sagrinex \u2013 Anhaenger, Container &amp; Landtechnik \ud83c\udf3e\ud83d\ude9c\" data-secret=\"IHe6FFYkQq\" frameborder=\"0\" marginwidth=\"0\" marginheight=\"0\" scrolling=\"no\" class=\"wp-embedded-content\"><\/iframe><script type=\"text\/javascript\">\n\/* <![CDATA[ *\/\n\/*! This file is auto-generated *\/\n!function(d,l){\"use strict\";l.querySelector&&d.addEventListener&&\"undefined\"!=typeof URL&&(d.wp=d.wp||{},d.wp.receiveEmbedMessage||(d.wp.receiveEmbedMessage=function(e){var t=e.data;if((t||t.secret||t.message||t.value)&&!\/[^a-zA-Z0-9]\/.test(t.secret)){for(var s,r,n,a=l.querySelectorAll('iframe[data-secret=\"'+t.secret+'\"]'),o=l.querySelectorAll('blockquote[data-secret=\"'+t.secret+'\"]'),c=new RegExp(\"^https?:$\",\"i\"),i=0;i<o.length;i++)o[i].style.display=\"none\";for(i=0;i<a.length;i++)s=a[i],e.source===s.contentWindow&&(s.removeAttribute(\"style\"),\"height\"===t.message?(1e3<(r=parseInt(t.value,10))?r=1e3:~~r<200&&(r=200),s.height=r):\"link\"===t.message&&(r=new URL(s.getAttribute(\"src\")),n=new URL(t.value),c.test(n.protocol))&&n.host===r.host&&l.activeElement===s&&(d.top.location.href=t.value))}},d.addEventListener(\"message\",d.wp.receiveEmbedMessage,!1),l.addEventListener(\"DOMContentLoaded\",function(){for(var e,t,s=l.querySelectorAll(\"iframe.wp-embedded-content\"),r=0;r<s.length;r++)(t=(e=s[r]).getAttribute(\"data-secret\"))||(t=Math.random().toString(36).substring(2,12),e.src+=\"#?secret=\"+t,e.setAttribute(\"data-secret\",t)),e.contentWindow.postMessage({message:\"ready\",secret:t},\"*\")},!1)))}(window,document);\n\/\/# sourceURL=https:\/\/sagrinex.com\/wp-includes\/js\/wp-embed.min.js\n\/* ]]> *\/\n<\/script>\n","thumbnail_url":"https:\/\/sagrinex.com\/wp-content\/uploads\/2026\/03\/Image-239-2-600x450.jpeg","thumbnail_width":600,"thumbnail_height":450,"description":"Funktionen Sehr konkurrenzf\u00e4higer Preis (f\u00fcr das gebrauchte Modell) Vielf\u00e4ltige Nutzungsm\u00f6glichkeiten: zus\u00e4tzlicher Lagerraum, Jagdh\u00fctte, Baustellencontainer, Pferdebox, Lagerung aller Art usw. Referenzprodukt f\u00fcr den Containerhausbau Doppelt\u00fcren mit 4 Cremones abschlie\u00dfbar und mit Vorh\u00e4ngeschloss gesichert Marine-Sperrholzboden 28 mm dick  Der Container\u00a045 Fu\u00df trockener High-Cube-Palettenbreit\u00a0ist ein Container, der f\u00fcr\u00a0entwickelt wurde Europ\u00e4er. Der Vorteil besteht darin, dass \u00fcber die Breite (800 mm) 3 Reihen Europaletten geladen werden k\u00f6nnen. Das sind insgesamt\u00a033 Europaletten. Dies ist der Container mit dem\u00a0gr\u00f6\u00dftes Ladevolumen. Das\u00a045 Fu\u00df trockener High-Cube-Palettenbreit\u00a0wird in\u00a0hergestellt CORTEN-Stahl. Diese Stahlsorte weist erhebliche Widerstandseigenschaften gegen\u00fcber den atmosph\u00e4rischen Bedingungen auf See auf. Seine Doppelt\u00fcren sind mit 4 Cremones abschlie\u00dfbar und mit einem Sicherheitsvorh\u00e4ngeschloss gesichert. Der Boden besteht aus 28 mm starkem Marinesperrholz. Der Beh\u00e4lter hat 4 Ecken\u00a0ISO\u00a0wodurch es w\u00e4hrend\u00a0gesperrt werden kann Stra\u00dfen-, Schienen- oder Seeverkehr Es kann\u00a0sein personalisiert\u00a0in G\u00e4stezimmern, Snackbars, Kiosken, B\u00fcros, \u00f6ffentlich zug\u00e4nglichen Einrichtungen wie Kinderg\u00e4rten und Schulen, Heimstandorten f\u00fcr Unternehmen, kollektiver Infrastruktur f\u00fcr Sport, Freizeit und Verkehr."}

20 Fuß Kühlcontainer für Kühllagerung - Sagrinex – Anhaenger, Container &amp; Landtechnik 🌾🚜

<blockquote class="wp-embedded-content" data-secret="IHe6FFYkQq"><a href="https://sagrinex.com/de/produit/20-fuss-kuehlcontainer-fuer-kuehllagerung-2/">20 Fuß Kühlcontainer für Kühllagerung</a></blockquote><iframe sandbox="allow-scripts" security="restricted" src="https://sagrinex.com/de/produit/20-fuss-kuehlcontainer-fuer-kuehllagerung-2/embed/#?secret=IHe6FFYkQq" width="600" height="338" title="&#8222;20 Fuß Kühlcontainer für Kühllagerung&#8220; &#8211; Sagrinex – Anhaenger, Container &amp; Landtechnik 🌾🚜" data-secret="IHe6FFYkQq" frameborder="0" marginwidth="0" marginheight="0" scrolling="no" class="wp-embedded-content"></iframe><script type="text/javascript">
/* <![CDATA[ */
/*! This file is auto-generated */
!function(d,l){"use strict";l.querySelector&&d.addEventListener&&"undefined"!=typeof URL&&(d.wp=d.wp||{},d.wp.receiveEmbedMessage||(d.wp.receiveEmbedMessage=function(e){var t=e.data;if((t||t.secret||t.message||t.value)&&!/[^a-zA-Z0-9]/.test(t.secret)){for(var s,r,n,a=l.querySelectorAll('iframe[data-secret="'+t.secret+'"]'),o=l.querySelectorAll('blockquote[data-secret="'+t.secret+'"]'),c=new RegExp("^https?:$","i"),i=0;i<o.length;i++)o[i].style.display="none";for(i=0;i<a.length;i++)s=a[i],e.source===s.contentWindow&&(s.removeAttribute("style"),"height"===t.message?(1e3<(r=parseInt(t.value,10))?r=1e3:~~r<200&&(r=200),s.height=r):"link"===t.message&&(r=new URL(s.getAttribute("src")),n=new URL(t.value),c.test(n.protocol))&&n.host===r.host&&l.activeElement===s&&(d.top.location.href=t.value))}},d.addEventListener("message",d.wp.receiveEmbedMessage,!1),l.addEventListener("DOMContentLoaded",function(){for(var e,t,s=l.querySelectorAll("iframe.wp-embedded-content"),r=0;r<s.length;r++)(t=(e=s[r]).getAttribute("data-secret"))||(t=Math.random().toString(36).substring(2,12),e.src+="#?secret="+t,e.setAttribute("data-secret",t)),e.contentWindow.postMessage({message:"ready",secret:t},"*")},!1)))}(window,document);
//# sourceURL=https://sagrinex.com/wp-includes/js/wp-embed.min.js
/* ]]> */
</script>

Funktionen Sehr konkurrenzfähiger Preis (für das gebrauchte Modell) Vielfältige Nutzungsmöglichkeiten: zusätzlicher Lagerraum, Jagdhütte, Baustellencontainer, Pferdebox, Lagerung aller Art usw. Referenzprodukt für den Containerhausbau Doppeltüren mit 4 Cremones abschließbar und mit Vorhängeschloss gesichert Marine-Sperrholzboden 28 mm dick  Der Container 45 Fuß trockener High-Cube-Palettenbreit ist ein Container, der für entwickelt wurde Europäer. Der Vorteil besteht darin, dass über die Breite (800 mm) 3 Reihen Europaletten geladen werden können. Das sind insgesamt 33 Europaletten. Dies ist der Container mit dem größtes Ladevolumen. Das 45 Fuß trockener High-Cube-Palettenbreit wird in hergestellt CORTEN-Stahl. Diese Stahlsorte weist erhebliche Widerstandseigenschaften gegenüber den atmosphärischen Bedingungen auf See auf. Seine Doppeltüren sind mit 4 Cremones abschließbar und mit einem Sicherheitsvorhängeschloss gesichert. Der Boden besteht aus 28 mm starkem Marinesperrholz. Der Behälter hat 4 Ecken ISO wodurch es während gesperrt werden kann Straßen-, Schienen- oder Seeverkehr Es kann sein personalisiert in Gästezimmern, Snackbars, Kiosken, Büros, öffentlich zugänglichen Einrichtungen wie Kindergärten und Schulen, Heimstandorten für Unternehmen, kollektiver Infrastruktur für Sport, Freizeit und Verkehr.
